8684.
2, 377171
What are the prime factors of 82919?
283, 293
What are the prime factors of 4573486?
2, 1217, 1879
List the prime factors of 662045.
5, 132409
List the prime factors of 15250576.
2, 11, 73, 1187
List the prime factors of 1249676.
2, 151, 2069
List the prime factors of 2168602.
2, 1084301
What are the prime factors of 253170?
2, 3, 5, 29, 97
List the prime factors of 57386.
2, 7, 4099
List the prime factors of 21751.
21751
List the prime factors of 2299145.
5, 459829
List the prime factors of 4878246.
2, 3, 813041
List the prime factors of 227834.
2, 17, 6701
What are the prime factors of 792755?
5, 158551
List the prime factors of 4362.
2, 3, 727
List the prime factors of 7936.
2, 31
What are the prime factors of 1430452?
2, 357613
List the prime factors of 448917.
3, 7, 21377
List the prime factors of 7284810.
2, 3, 5, 13, 18679
List the prime factors of 1900809.
3, 127, 1663
List the prime factors of 2901829.
7, 59221
What are the prime factors of 6634609?
59, 139, 809
List the prime factors of 15387.
3, 23, 223
List the prime factors of 268802.
2, 134401
List the prime factors of 2302373.
53, 43441
List the prime factors of 857810.
2, 5, 85781
List the prime factors of 30178179.
3, 17, 197243
List the prime factors of 6381096.
2, 3, 47, 5657
What are the prime factors of 7615687?
43, 177109
What are the prime factors of 1936181?
13, 17, 8761
What are the prime factors of 4349574?
2, 3, 241643
List the prime factors of 6948232.
2, 868529
What are the prime factors of 1382969?
7, 197567
List the prime factors of 236223.
3, 13, 673
What are the prime factors of 2173209?
3, 724403
List the prime factors of 73682.
2, 7, 19, 277
What are the prime factors of 671760?
2, 3, 5, 311
What are the prime factors of 155558?
2, 13, 31, 193
List the prime factors of 9470046.
2, 3, 79, 19979
What are the prime factors of 109488?
2, 3, 2281
What are the prime factors of 3606243?
3, 1202081
What are the prime factors of 2601687?
3, 11, 78839
List the prime factors of 22883.
7, 467
What are the prime factors of 6866373?
3, 1373, 1667
List the prime factors of 257740.
2, 5, 7, 263
List the prime factors of 2956977.
3, 101, 3253
List the prime factors of 58544.
2, 3659
List the prime factors of 119058.
2, 3, 19843
List the prime factors of 17653.
127, 139
List the prime factors of 199390.
2, 5, 127, 157
What are the prime factors of 1083304?
2, 19, 7127
What are the prime factors of 73164?
2, 3, 7, 13, 67
List the prime factors of 179929.
23, 7823
List the prime factors of 6008113.
6008113
What are the prime factors of 203442?
2, 3, 41, 827
What are the prime factors of 4402834?
2, 2201417
List the prime factors of 11399864.
2, 7, 203569
List the prime factors of 263942.
2, 7, 17, 1109
What are the prime factors of 3818045?
5, 7, 11, 47, 211
What are the prime factors of 1084562?
2, 542281
List the prime factors of 246743.
7, 101, 349
List the prime factors of 741056.
2, 11579
List the prime factors of 288001.
7, 41143
List the prime factors of 2613886.
2, 11, 17, 29, 241
What are the prime factors of 14363620?
2, 5, 19, 37799
What are the prime factors of 447739?
389, 1151
List the prime factors of 17413973.
17413973
What are the prime factors of 6480502?
2, 7, 17, 73, 373
List the prime factors of 1727831.
7, 246833
List the prime factors of 11763878.
2, 7, 840277
List the prime factors of 17979127.
17979127
List the prime factors of 7729249.
11, 61, 11519
What are the prime factors of 44690?
2, 5, 41, 109
What are the prime factors of 507950?
2, 5, 10159
What are the prime factors of 5425109?
59, 91951
List the prime factors of 164117.
164117
List the prime factors of 3646405.
5, 7, 104183
List the prime factors of 10961086.
2, 5480543
What are the prime factors of 1303685?
5, 19, 13723
What are the prime factors of 808855?
5, 161771
What are the prime factors of 2176961?
43, 50627
What are the prime factors of 3847197?
3, 1282399
List the prime factors of 6816254.
2, 3408127
What are the prime factors of 228272?
2, 11, 1297
What are the prime factors of 1358937?
3, 19, 883
What are the prime factors of 19421631?
3, 97, 22247
What are the prime factors of 25632103?
7, 79, 46351
List the prime factors of 482231.
482231
List the prime factors of 12820644.
2, 3, 356129
What are the prime factors of 1226436?
2, 3, 102203
What are the prime factors of 11977846?
2, 709, 8447
List the prime factors of 1658527.
13, 127579
What are the prime factors of 1274281?
877, 1453
What are the prime factors of 750157?
750157
What are the prime factors of 10856017?
137, 79241
What are the prime factors of 1043677?
31, 131, 257
List the prime factors of 3846.
2, 3, 641
What are the prime factors of 118369?
118369
List the prime factors of 105543.
3, 1303
List the prime factors of 320631.
3, 106877
List the prime factors of 21306707.
21306707
What are the prime factors of 11631882?
2, 3, 23, 31, 2719
What are the prime factors of 1013829?
3, 17, 103, 193
List the prime factors of 226641.
3, 31, 2437
List the prime factors of 395637.
3, 11, 19, 631
List the prime factors of 89495.
5, 7, 2557
What are the prime factors of 412452?
2, 3, 19, 67
What are the prime factors of 179248?
2, 17, 659
What are the prime factors of 1876004?
2, 13, 43, 839
List the prime factors of 18642035.
5, 3728407
List the prime factors of 5016090.
2, 3, 5, 37, 4519
What are the prime factors of 22744680?
2, 3, 5, 7, 27077
What are the prime factors of 6277298?
2, 23, 136463
List the prime factors of 29675253.
3, 367, 26953
List the prime factors of 111816.
2, 3, 1553
What are the prime factors of 1188343?
13, 91411
List the prime factors of 1376610.
2, 3, 5, 45887
List the prime factors of 17805448.
2, 2225681
What are the prime factors of 3335696?
2, 7, 13, 29, 79
List the prime factors of 1996729.
7, 19, 15013
What are the prime factors of 944946?
2, 3, 19, 307
List the prime factors of 394199.
13, 30323
List the prime factors of 9076217.
29, 47, 6659
What are the prime factors of 5800009?
17, 37, 9221
What are the prime factors of 884918?
2, 17, 1531
What are the prime factors of 183678?
2, 3, 11, 23
List the prime factors of 262954.
2, 131477
List the prime factors of 444168.
2, 3, 31, 199
What are the prime factors of 13200422?
2, 6600211
What are the prime factors of 363942?
2, 3, 20219
What are the prime factors of 3184594?
2, 7, 227471
List the prime factors of 3586549.
3586549
List the prime factors of 9592399.
263, 36473
What are the prime factors of 140775?
3, 5, 1877
What are the prime factors of 267399?
3, 11, 37, 73
What are the prime factors of 3110622?
2, 3, 311, 1667
What are the prime factors of 62804?
2, 7, 2243
What are the prime factors of 220899?
3, 7, 67, 157
List the prime factors of 323531.
13, 41, 607
What are the prime factors of 9029513?
9029513
List the prime factors of 170248.
2, 13, 1637
List the prime factors of 28663.
28663
What are the prime factors of 972151?
41, 131, 181
List the prime factors of 2674137.
3, 891379
What are the prime factors of 1904995?
5, 139, 2741
List the prime factors of 278796.
2, 3, 7, 3319
List the prime factors of 1914361.
1914361
What are the prime factors of 23706294?
2, 3, 83, 181, 263
What are the prime factors of 2085976?
2, 260747
What are the prime factors of 25705649?
17, 1512097
List the prime factors of 1677996.
2, 3, 5179
List the prime factors of 5460427.
7, 780061
What are the prime factors of 18118060?
2, 5, 503, 1801
List the prime factors of 1789061.
37, 48353
List the prime factors of 46496.
2, 1453
List the prime factors of 90479.
173, 523
What are the prime factors of 8679676?
2, 653, 3323
List the prime factors of 387127.
13, 97, 307
List the prime factors of 63677.
37, 1721
List the prime factors of 485207.
485207
What are the prime factors of 4636473?
3, 421, 3671
What are the prime factors of 187905?
3, 5, 12527
List the prime factors of 3655623.
3, 641, 1901
What are the prime factors of 1080246?
2, 3, 43, 53, 79
List the prime factors of 184709.
7, 26387
List the prime factors of 298873.
47, 6359
List the prime factors of 1747321.
167, 10463
What are the prime factors of 15389599?
23, 669113
List the prime factors of 12476645.
5, 1279, 1951
What are the prime factors of 16097136?
2, 3, 11, 43, 709
Lis